digit of 33814?
3
What is the ten thousands digit of 25500?
2
What is the thousands digit of 1252?
1
What is the hundreds digit of 6891?
8
What is the thousands digit of 2100?
2
What is the hundreds digit of 980?
9
What is the thousands digit of 7601?
7
What is the hundreds digit of 112694?
6
What is the ten thousands digit of 41461?
4
What is the hundreds digit of 27581?
5
What is the tens digit of 372?
7
What is the thousands digit of 21978?
1
What is the units digit of 140?
0
What is the hundreds digit of 7543?
5
What is the thousands digit of 2851?
2
What is the hundreds digit of 42025?
0
What is the hundreds digit of 36141?
1
What is the units digit of 107032?
2
What is the hundreds digit of 2703?
7
What is the ten thousands digit of 73181?
7
What is the thousands digit of 22533?
2
What is the hundreds digit of 66740?
7
What is the tens digit of 325?
2
What is the hundreds digit of 514?
5
What is the hundreds digit of 8229?
2
What is the hundreds digit of 607?
6
What is the thousands digit of 1774?
1
What is the tens digit of 243?
4
What is the ten thousands digit of 46161?
4
What is the thousands digit of 4671?
4
What is the tens digit of 2018?
1
What is the thousands digit of 2216?
2
What is the ten thousands digit of 64127?
6
What is the units digit of 809?
9
What is the units digit of 6512?
2
What is the units digit of 45045?
5
What is the units digit of 16747?
7
What is the hundred thousands digit of 144386?
1
What is the thousands digit of 96334?
6
What is the units digit of 782?
2
What is the tens digit of 2659?
5
What is the hundreds digit of 700?
7
What is the ten thousands digit of 65289?
6
What is the units digit of 8719?
9
What is the thousands digit of 4248?
4
What is the hundred thousands digit of 138030?
1
What is the units digit of 7940?
0
What is the hundreds digit of 65845?
8
What is the tens digit of 3059?
5
What is the units digit of 37332?
2
What is the hundreds digit of 4539?
5
What is the hundreds digit of 33039?
0
What is the tens digit of 638?
3
What is the tens digit of 5207?
0
What is the units digit of 1097?
7
What is the units digit of 1081?
1
What is the units digit of 13140?
0
What is the tens digit of 33794?
9
What is the units digit of 518?
8
What is the hundreds digit of 7778?
7
What is the units digit of 16072?
2
What is the thousands digit of 4341?
4
What is the units digit of 6493?
3
What is the hundreds digit of 174?
1
What is the hundreds digit of 35153?
1
What is the ten thousands digit of 23047?
2
What is the thousands digit of 4484?
4
What is the hundreds digit of 4277?
2
What is the thousands digit of 11231?
1
What is the thousands digit of 1911?
1
What is the tens digit of 35009?
0
What is the units digit of 675?
5
What is the tens digit of 18577?
7
What is the hundreds digit of 19520?
5
What is the thousands digit of 54483?
4
What is the ten thousands digit of 12905?
1
What is the tens digit of 245?
4
What is the ten thousands digit of 14990?
1
What is the tens digit of 30486?
8
What is the hundreds digit of 425?
4
What is the tens digit of 5739?
3
What is the tens digit of 57070?
7
What is the hundreds digit of 55260?
2
What is the units digit of 18373?
3
What is the hundreds digit of 746?
7
What is the tens digit of 9582?
8
What is the units digit of 1778?
8
What is the hundreds digit of 7611?
6
What is the tens digit of 6595?
9
What is the thousands digit of 44748?
4
What is the ten thousands digit of 15482?
1
What is the hundreds digit of 1800?
8
What is the tens digit of 111?
1
What is the hundreds digit of 1373?
3
What is the tens digit of 12843?
4
What is the hundreds digit of 135?
1
What is the units digit of 1695?
5
What is the tens digit of 5534?
3
What is the tens digit of 3801?
0
What is the units digit of 3566?
6
What is the hundreds digit of 943?
9
What is the units digit of 971?
1
What is the tens digit of 618?
1
What is the hundreds digit of 5939?
9
What is the thousands digit of 69408?
9
What is the hundreds digit of 538?
5
What is the tens digit of 7894?
9
What is the thousands digit of 5703?
5
What is the tens digit of 13081?
8
What is the thousands digit of 9508?
9
What is the ten thousands digit of 76240?
7
What is the thousands digit of 10038?
0
What is the thousands digit of 57689?
7
What is the hundreds digit of 1571?
5
What is the thousands digit of 8991?
8
What is the hundreds digit of 608?
6
What is the hundreds digit of 755?
7
What is the units digit of 588?
8
What is the thousands digit of 7415?
7
What is the hundreds digit of 47410?
4
What is the hundreds digit of 1656?
6
What is the units digit of 3034?
4
What is the ten thousands digit of 159684?
5
What is the hundreds digit of 18188?
1
What is the tens digit of 2100?
0
What is the tens digit of 5867?
6
What is the units digit of 1501?
1
What is the units digit of 2507?
7
What is the tens digit of 8620?
2
What is the thousands digit of 3029?
3
What is the thousands digit of 19512?
9
What is the hundreds digit of 1033?
0
What is the tens digit of 1382?
8
What is the units digit of 15550?
0
What is the ten thousands digit of 70174?
7
What is the thousands digit of 10723?
0
What is the units digit of 3058?
8
What is the tens digit of 146?
4
What is the tens digit of 1162?
6
What is the thousands digit of 7651?
7
What is the units digit of 2081?
1
What is the units digit of 24471?
1
What is the units digit of 90105?
5
What is the tens digit of 758?
5
What is the thousands digit of 1014?
1
What is the hundreds digit of 1680?
6
What is the tens digit of 2813?
1
What is the units digit of 153?
3
What is the ten thousands digit of 18511?
1
What is the units digit of 181156?
6
What is the hundreds digit of 11468?
4
What is the tens digit of 4259?
5
What is the thousands digit of 5703?
5
What is the hundreds digit of 1452?
4
What is the tens digit of 540?
4
What is the units digit of 1173?
3
What is the hundreds digit of 31458?
4
What is the tens digit of 66857?
5
What is the units digit of 125?
5
What is the units digit of 994?
4
What is the tens digit of 291?
9
What is the thousands digit of 6380?
6
What is the thousands digit of 2036?
2
What is the units digit of 14688?
8
What is the hundreds digit of 10058?
0
What is the units digit of 36?
6
What is the units digit of 1438?
8
What is the hundreds digit of 1209?
2
What is the tens digit of 26990?
9
What is the hundreds digit of 39537?
5
What is the units digit of 30926?
6
What is the hundreds digit of 342?
3
What is the thousands digit of 3155?
3
What is the tens digit of 69?
6
What is the thousands digit of 21633?
1
What is the units digit of 8560?
0
What is the units digit of 7301?
1
What is the ten thousands digit of 103303?
0
What is the units digit of 1086?
6
What is the thousands digit of 1666?
1
What is the thousands digit of 1738?
1
What is the tens digit of 2597?
9
What is the ten thousands digit of 21917?
2
What is the hundreds digit of 257?
2
What is the tens digit of 2682?
8
What is the hundreds digit of 3659?
6
What is the units digit of 13281?
1
What is the units digit of 99?
9
What is the tens digit of 98663?
6
What is the thousands digit of 21139?
1
What is the hundreds digit of 1720?
7
What is the hundreds digit of 12661?
6
What is the hundreds digit of 967?
9
What is the hundreds digit of 909?
9
What is the hundreds digit of 9203?
2
What is the thousands digit of 5263?
5
What is the tens digit of 309?
0
What is the hundreds digit of 1386?
3
What is the tens digit of 38837?
3
What is the thousands digit of 86777?
6
What is the tens digit of 2602?
0
What is the tens digit of 1410?
1
What is the hundreds digit of 352?
3
What is the ten thousands digit of 31958?
3
What is the hundreds digit of 1156?
1
What is the tens digit of 349?
4
What is the thousands digit of 4419?
4
What is the hundreds digit of 4447?
4
What is the hundreds digit of 16241?
2
What is the tens digit of 6301?
0
What is the units digit of 3382?
2
What is the tens digit of 5082?
8
What is the ten thousands digit of 45533?
4
What is the tens digit of 1622?
2
What is the units digit of 4701?
1
What is the units digit of 16?
6
What is the tens digit of 4134?
3
What is the thousands digit of 1195?
1
What is the tens digit of 4233?
3
What is the hundreds digit of 1519?
5
What is the tens 